- 4*b + 90. Let x = 54 - o. Suppose -603 = -7*r + x*r. What is the hundreds digit of r?
2
Let r = 9140 + -6296. Suppose 399*n = 397*n + r. What is the hundreds digit of n?
4
Suppose -4*q = -3*j + 970, -2*q - 5*j - 492 = -3*j. Let b = q + 30. Let m = -69 - b. What is the tens digit of m?
4
Suppose -422*j = -409*j - 37414. What is the hundreds digit of j?
8
Let d = -107 - -113. What is the hundreds digit of 0/(-4) - d - -574?
5
What is the units digit of 30901/(-39)*-3 - 8?
9
Let i(k) = 4*k**2 - 23*k + 17. Let d be 3/(4 + 16/(-3) + 1). What is the units digit of i(d)?
8
Let c(y) = -1698*y - 103. What is the hundreds digit of c(-5)?
3
Let f(y) be the first derivative of y**4/4 + 2*y**3/3 - y**2/2 + 14. Let b be f(-2). Suppose -3*r = -3, 2*d + 3*r - 315 = -b*r. What is the units digit of d?
5
Let h(x) = x**3 + 2*x**2 - x - 3. Let i be h(-3). Let l(q) = -q**3 - 8*q**2 + 8*q - 7. Let r be l(i). Suppose -154 = -4*w + r*w. What is the units digit of w?
7
Suppose 41*v - 35*v - 2700 = 0. Suppose 121*h = 124*h - v. What is the hundreds digit of h?
1
Suppose -2*f - 132*q = -128*q - 22600, q = -2*f + 22600. What is the hundreds digit of f?
3
What is the units digit of 17/(2431/(-33))*-116519?
9
Suppose -2*a + 3933 + 3680 = -1221. What is the units digit of a?
7
Let w(s) = 14*s + 80. Let y be w(-6). What is the tens digit of (-951 - (y + -1))/(1/(-2))?
9
Let g be (2/(-10))/1*750/(-30). Suppose -3*y + 2*z = -892, -2*z + g*z + 1189 = 4*y. What is the tens digit of y?
9
Let q = -18 + 20. Suppose 45 = -3*v + 4*v. Suppose -10 = -2*d, -d = -q*p - 0*p + v. What is the tens digit of p?
2
Let v(h) = 105*h + 2716. What is the tens digit of v(94)?
8
Let v be (11 - 8) + 6*2. What is the tens digit of 1722/v + (-5)/(-25)?
1
Suppose -4*j = -3*g - 18, -j - 18 = 6*g - 3*g. Let r be (-1)/(((-14)/(-126))/(22/g)). Suppose -360 = r*h - 38*h. What is the tens digit of h?
7
Let n(b) = -2*b**2 + 22*b - 6. Let a be n(14). Let m be (-4)/7 - a/35. Suppose -x = 3*j + 7, 0 = x + 3*j - j + m. What is the units digit of x?
8
What is the tens digit of 7878*1/(-5)*220/(-88)?
3
Let a(b) be the third derivative of 8/3*b**3 + 1/12*b**4 + 1/60*b**5 + 0*b - 29*b**2 + 0. What is the units digit of a(0)?
6
Let a(l) = 4418*l - 250. What is the hundreds digit of a(1)?
1
Suppose -26*h = -790854 + 130870. What is the units digit of h?
4
Let j(u) = u**2 - 7*u + 2328. Let l be j(0). Let h = -1092 + l. Suppose q = 5*y - h, -y + 2*y = 3*q + 250. What is the tens digit of y?
4
Let c = -219 - -221. Suppose -8*q + 440 = c*q. What is the tens digit of q?
4
Let k(m) = -m + 13. Let p(v) = 2*v - 38. Let q(n) = 11*k(n) + 4*p(n). Let w = -7 + -7. What is the tens digit of q(w)?
3
Suppose 0 = t + 72 - 312. Suppose -t = 7*r + 8*r. What is the units digit of (r/(-5))/(1 + 78/(-80))?
8
Suppose 0 = 3*i - b - 10449, 13*b - 11*b + 6962 = 2*i. What is the units digit of i?
4
Suppose 193*z + 136*z = 1964474 + 2566185. What is the ten thousands digit of z?
1
Suppose -2*q - h = -14, 3*q = 4*q - 4*h + 2. Let c be 58*(1/q - (-10)/3). Suppose 3*i + 2*x = c, -4*i + 4*x - x = -248. What is the tens digit of i?
6
Let j = -699 + 789. What is the thousands digit of ((-30)/j)/(0 - (-2)/(-7188))?
1
Let u = -79 - -95. Suppose -u*d + 13*d = 0. Suppose 5*c = -3*h + 528, d = -c - 5*h - 21 + 131. What is the units digit of c?
5
Suppose 2*h - 97066 = -4*x, -14 = -12*h + 14*h. What is the units digit of x?
0
Let m = 28078 + -15718. What is the thousands digit of m?
2
Let p be 4664/55*(1 - -44). Suppose 10*a + 14*a = p. What is the tens digit of a?
5
Let j be (526 + 9)*(-1 - -3). Suppose j = -7*q - 3*q. Let l = q - -168. What is the tens digit of l?
6
What is the units digit of 786618/21 + (-10 - -31)?
9
Let j(o) = -37*o - 20. Let v be j(5). Let y be 1*(-1 - v)/(-4). What is the units digit of 2/(-6) + (-119)/y?
2
Let v(d) = 49*d + 68. Let f be v(8). What is the tens digit of f + -5*(-4)/(-10)?
5
What is the tens digit of (-8664)/(-8)*4 + (-13 - -5)?
2
Let v be (-5)/((-15)/(-148))*-3. Let j = 148 - v. Suppose -3*m - s + 134 = j, -3*m = -m + 3*s - 101. What is the tens digit of m?
4
Let q(r) = 3*r - 48. Let l be q(17). Suppose -l*x = 2*f - 2432, -10*f - x + 1215 = -9*f. What is the thousands digit of f?
1
Let y(d) = -1700*d - 2990. What is the thousands digit of y(-29)?
6
Let h be ((15/6)/(-5))/((-15)/90). What is the hundreds digit of h/(-4) + 427/4?
1
Suppose -y = -3*w + 12080, -45*w + 44*w - 3*y + 4020 = 0. What is the tens digit of w?
2
Let a(w) = w**3 - 2*w**2 - 4*w + 12. Let q be (246/328)/((-1)/(-8)). What is the hundreds digit of a(q)?
1
Let j = -143 + 139. What is the tens digit of ((-6)/j)/(((-54)/1328)/(-9))?
3
Let a = -439 - -658. Let j = a + -8. What is the units digit of j?
1
Let q be 35/(-35) + (-4)/2. What is the hundreds digit of q*(-4 + 5) - -432?
4
Let o(l) = -3*l**2 + 3*l + 111. Let a be o(12). Let r = -169 - a. What is the tens digit of r?
1
Suppose -39*q - 20016 = -22980. Suppose -8 - 34 = -d. Let u = q + d. What is the hundreds digit of u?
1
Let s = 91204 + -62163. What is the tens digit of s?
4
Let j(u) = u**3 - 6*u**2 + 8*u + 3. Let q be j(4). Suppose -2*d - q*w + 876 = 0, 36*d - 35*d + 5*w = 424. What is the tens digit of d?
4
Let m = -19169 + 27668. What is the thousands digit of m?
8
Suppose -375476 + 3394828 = -689*w + 745*w. What is the units digit of w?
7
Let w(l) = -20*l**3 + 10*l**2 - 18*l - 12. What is the hundreds digit of w(-6)?
7
Let k be (170/(-30) - -8)/(1/3). Suppose k*c = -8*c + 8625. What is the tens digit of c?
7
Let c = 7217 - 1547. What is the thousands digit of c?
5
Let o = 39 - 34. Suppose 0 = -9*h + o*h + 56. Suppose -h*v + 1088 = -6*v. What is the tens digit of v?
3
What is the units digit of ((-6)/(-3) - (-1)/2)*3474?
5
Let t(c) = c**2 + 27*c - 343. What is the hundreds digit of t(-70)?
6
Suppose 9*b - 14*b + 2*h = -25, -3*b + 3*h + 24 = 0. Suppose -74 = s - 3*c - 656, 5*s - 2946 = b*c. What is the units digit of s?
1
Let l = -28430 - -28528. What is the units digit of l?
8
Let l be (11 - 14) + -2 + 9. Suppose l*m + 3*y - 20 = 0, 4*m + 0*y - 12 = -y. Suppose 0 = -m*q + 50 + 232. What is the hundreds digit of q?
1
Suppose 24 = 11*c - 5*c. Suppose 10*h = c*h - 36. Let b(s) = -s**3 + 3*s**2 + 14*s. What is the hundreds digit of b(h)?
2
Let x = 12476 - 8322. Suppose 0 = 8*i - 3718 - x. What is the tens digit of i?
8
Let c = -541 - 335. Let u = -587 - c. What is the hundreds digit of u?
2
What is the tens digit of -8 - -14*(-497)/21*-3?
8
Let r be ((-14)/6)/(2 + (-19537)/9765). Suppose -r = -5*p + 815. What is the units digit of p?
4
Let i(k) = 6*k**2 + 5*k - 32. Let n be i(4). What is the hundreds digit of n/(-16)*-2*236/6?
4
Let m(v) be the second derivative of -v**5/20 - 2*v**4/3 + 4*v**3/3 - 8*v**2 - 17*v. Let g be m(-9). What is the units digit of 101 - (g/(28/(-24)))/2?
8
Let x(d) = 8110*d + 195. What is the ten thousands digit of x(2)?
1
Let b be -13 - 14 - (3 + -1). Let n(l) = l**3 + 29*l**2 - 3*l - 69. What is the tens digit of n(b)?
1
What is the thousands digit of (24 - 1) + -6 + 15022?
5
Suppose 3*v + v = -2*h + 38, 4*h - 56 = -4*v. Let b = h - 9. Suppose 6*a - 3*a - 42 = b. What is the tens digit of a?
1
Let o = -20 + 20. Suppose m - f - 91 = 0, -350 = -4*m - 3*f - o*f. Let j = -44 + m. What is the units digit of j?
5
Let t(f) = -9*f**3 + 5*f**2 + 102*f + 50. What is the ten thousands digit of t(-14)?
2
Suppose 2*y + 9*s - 608 = 14*s, -4*y - s + 1260 = 0. Let m = -172 + y. Let i = -95 + m. What is the units digit of i?
7
Let i = 105 + -56. Suppose 35 + i = l. Let y = l - 32. What is the tens digit of y?
5
Let f be (201/(-6))/(2/4). Let o = 115 + f. Suppose -8*j + 24 = -o. What is the units digit of j?
9
Suppose 13*w - 8*w = -170. Let r = 226 - w. Suppose y + 4*n + r = 4*y, -310 = -4*y - 2*n. What is the tens digit of y?
8
Let i(h) = h**2 - 8*h + 20. Let c be i(3). Let p(u) = 9*u**2 + 3*u - 8. What is the hundreds digit of p(c)?
2
Suppose 3*c - 4846 = 4*g, -11*c = -6*c - 2*g - 8058. Suppose -c*z = -1604*z - 2970. What is the tens digit of z?
9
Let u(x) = -2*x**2 - 7*x - 9. Let s be u(-7). Let r = 125 + s. What is the tens digit of r?
6
Let d(s) = -64*s - 1803. What is the tens digit of d(-99)?
3
Suppose -2*f + 2*h = -3*f - 1, 2 = 2*f + 2*h. Suppose 9 = -f*d, -3*a + 0*a + 27 = -4*d